{"id":116,"date":"2016-11-04T11:41:13","date_gmt":"2016-11-04T11:41:13","guid":{"rendered":"http:\/\/smartwpress.com\/lucille3\/?page_id=116"},"modified":"2024-05-07T10:25:38","modified_gmt":"2024-05-07T07:25:38","slug":"events","status":"publish","type":"page","link":"https:\/\/thanosstavridis.com\/?page_id=116","title":{"rendered":"Upcoming Events"},"content":{"rendered":"\t\t<div data-elementor-type=\"wp-page\" data-elementor-id=\"116\" class=\"elementor elementor-116\" data-elementor-post-type=\"page\">\n\t\t\t\t<div class=\"elementor-element elementor-element-6acaa9d e-flex e-con-boxed e-con e-parent\" data-id=\"6acaa9d\" data-element_type=\"container\">\n\t\t\t\t\t<div class=\"e-con-inner\">\n\t\t\t\t<div class=\"elementor-element elementor-element-5ee516b elementor-widget elementor-widget-lucille-events\" data-id=\"5ee516b\" data-element_type=\"widget\" data-widget_type=\"lucille-events.default\">\n\t\t\t\t<div class=\"elementor-widget-container\">\n\t\t\t\r\n\t\t\t<div class=\"lc_swp_boxed no_events_msg\">\r\n\t\t\t\tNo events for now, please check again later.\t\t\t<\/div>\r\n\r\n\t\t\t\t\t<\/div>\n\t\t\t\t<\/div>\n\t\t\t\t\t<\/div>\n\t\t\t\t<\/div>\n\t\t\t\t<\/div>\n\t\t","protected":false},"excerpt":{"rendered":"<p>08 may 2024 Thanos Stavridis Quartet \u2013 \u201cTraveling the Balkans\u201d \u0395\u03bb. \u0392\u03b5\u03bd\u03b9\u03b6\u03ad\u03bb\u03bf\u03c5 45 54631, \u0398\u03b5\u03c3\u03c3\u03b1\u03bb\u03bf\u03bd\u03af\u03ba\u03b7&#032;&#045;&#032;\u039a\u03b1\u03c6\u03c9\u03b4\u03b5\u03af\u03bf \u0395\u03bb\u03bb\u03b7\u03bd\u03b9\u03ba\u03cc (1\u03bf\u03c2 \u038c\u03c1\u03bf\u03c6\u03bf\u03c2) 16\/05\/2024 Live at Stavros tou Notou with Giorgos Kazantzis &#032;&#045;&#032;Stavros tou Notou 25\/05\/2024 Live at Kor\u00e7\u00eb festival, Albania &#032;&#045;&#032;Kor\u00e7\u00eb festival, Albania 31\/05\/2024&#8230;<\/p>\n","protected":false},"author":1,"featured_media":0,"parent":0,"menu_order":0,"comment_status":"closed","ping_status":"closed","template":"","meta":{"_monsterinsights_skip_tracking":false,"_monsterinsights_sitenote_active":false,"_monsterinsights_sitenote_note":"","_monsterinsights_sitenote_category":0,"footnotes":""},"class_list":["post-116","page","type-page","status-publish","hentry"],"_links":{"self":[{"href":"https:\/\/thanosstavridis.com\/index.php?rest_route=\/wp\/v2\/pages\/116","targetHints":{"allow":["GET"]}}],"collection":[{"href":"https:\/\/thanosstavridis.com\/index.php?rest_route=\/wp\/v2\/pages"}],"about":[{"href":"https:\/\/thanosstavridis.com\/index.php?rest_route=\/wp\/v2\/types\/page"}],"author":[{"embeddable":true,"href":"https:\/\/thanosstavridis.com\/index.php?rest_route=\/wp\/v2\/users\/1"}],"replies":[{"embeddable":true,"href":"https:\/\/thanosstavridis.com\/index.php?rest_route=%2Fwp%2Fv2%2Fcomments&post=116"}],"version-history":[{"count":6,"href":"https:\/\/thanosstavridis.com\/index.php?rest_route=\/wp\/v2\/pages\/116\/revisions"}],"predecessor-version":[{"id":4234,"href":"https:\/\/thanosstavridis.com\/index.php?rest_route=\/wp\/v2\/pages\/116\/revisions\/4234"}],"wp:attachment":[{"href":"https:\/\/thanosstavridis.com\/index.php?rest_route=%2Fwp%2Fv2%2Fmedia&parent=116"}],"curies":[{"name":"wp","href":"https:\/\/api.w.org\/{rel}","templated":true}]}}